
2, 3, 325891
List the prime factors of 418543.
571, 733
List the prime factors of 1744213.
1744213
List the prime factors of 920602.
2, 460301
List the prime factors of 323523.
3, 103, 349
List the prime factors of 5388231.
3, 359, 5003
List the prime factors of 34853933.
4703, 7411
What are the prime factors of 1035078?
2, 3, 11, 15683
What are the prime factors of 4130316?
2, 3, 31, 3701
List the prime factors of 1833580.
2, 5, 7, 1871
List the prime factors of 6097489.
37, 223, 739
List the prime factors of 91966.
2, 7, 6569
What are the prime factors of 89838?
2, 3, 7, 23, 31
List the prime factors of 14977272.
2, 3, 17, 36709
What are the prime factors of 485523?
3, 73, 739
List the prime factors of 669425.
5, 26777
What are the prime factors of 32558?
2, 73, 223
List the prime factors of 1755058.
2, 37, 641
List the prime factors of 2770631.
29, 95539
What are the prime factors of 11492966?
2, 149, 38567
List the prime factors of 4443353.
4443353
What are the prime factors of 802178?
2, 13, 30853
List the prime factors of 15856.
2, 991
List the prime factors of 3814141.
701, 5441
What are the prime factors of 7791328?
2, 243479
What are the prime factors of 15120790?
2, 5, 37, 40867
List the prime factors of 81327.
3, 27109
List the prime factors of 150634.
2, 11, 41, 167
What are the prime factors of 426115?
5, 85223
List the prime factors of 27361375.
5, 23, 31, 307
What are the prime factors of 3411416?
2, 426427
What are the prime factors of 319518?
2, 3, 61, 97
What are the prime factors of 11758152?
2, 3, 7, 17, 23, 179
What are the prime factors of 197872?
2, 83, 149
What are the prime factors of 11390031?
3, 97, 4349
List the prime factors of 2274486.
2, 3, 379081
What are the prime factors of 2832484?
2, 349, 2029
List the prime factors of 292312.
2, 61, 599
List the prime factors of 5522834.
2, 43, 149, 431
What are the prime factors of 567081?
3, 7001
What are the prime factors of 1971967?
1971967
List the prime factors of 79335.
3, 5, 41, 43
What are the prime factors of 9156021?
3, 7, 79, 5519
What are the prime factors of 5085022?
2, 2542511
What are the prime factors of 485033?
37, 13109
What are the prime factors of 747603?
3, 27689
What are the prime factors of 45612?
2, 3, 7, 181
What are the prime factors of 9148695?
3, 5, 609913
List the prime factors of 217476.
2, 3, 7, 863
List the prime factors of 1296055.
5, 259211
What are the prime factors of 197182?
2, 19, 5189
What are the prime factors of 449283?
3, 31, 4831
What are the prime factors of 2540425?
5, 307, 331
What are the prime factors of 166550?
2, 5, 3331
List the prime factors of 706496.
2, 7, 19, 83
List the prime factors of 298498.
2, 149249
What are the prime factors of 205335?
3, 5, 13
What are the prime factors of 3587234?
2, 7, 89, 2879
What are the prime factors of 2115405?
3, 5, 29, 1621
What are the prime factors of 13488434?
2, 6744217
List the prime factors of 6755184.
2, 3, 19, 823
List the prime factors of 11070730.
2, 5, 11, 19, 5297
What are the prime factors of 968663?
968663
List the prime factors of 463833.
3, 41, 419
List the prime factors of 164652.
2, 3, 13721
What are the prime factors of 18394?
2, 17, 541
What are the prime factors of 1609490?
2, 5, 19, 43, 197
What are the prime factors of 7363979?
7, 23, 53, 863
What are the prime factors of 1549710?
2, 3, 5, 67, 257
What are the prime factors of 18727931?
17, 73, 15091
List the prime factors of 2704789.
2704789
What are the prime factors of 12792443?
967, 13229
List the prime factors of 6486897.
3, 23, 41, 2293
List the prime factors of 411063.
3, 73, 1877
What are the prime factors of 7852052?
2, 13, 31, 4871
List the prime factors of 339789.
3, 191, 593
List the prime factors of 163406.
2, 81703
List the prime factors of 10049304.
2, 3, 418721
What are the prime factors of 720205?
5, 17, 37, 229
List the prime factors of 112295.
5, 37, 607
List the prime factors of 414245.
5, 13, 6373
What are the prime factors of 1861414?
2, 930707
List the prime factors of 177758.
2, 7, 12697
What are the prime factors of 831839?
19, 43781
What are the prime factors of 699597?
3, 2879
List the prime factors of 1415634.
2, 3, 11, 89, 241
What are the prime factors of 10404721?
10404721
What are the prime factors of 1901704?
2, 7, 29, 1171
List the prime factors of 4734965.
5, 946993
List the prime factors of 660401.
7, 94343
What are the prime factors of 1040428?
2, 23, 43, 263
What are the prime factors of 36354?
2, 3, 73, 83
List the prime factors of 5413264.
2, 193, 1753
List the prime factors of 1239969.
3, 31, 67, 199
List the prime factors of 196792.
2, 17, 1447
List the prime factors of 773920.
2, 5, 7, 691
What are the prime factors of 349493?
349493
What are the prime factors of 3747641?
29, 129229
What are the prime factors of 279400?
2, 5, 11, 127
What are the prime factors of 66005?
5, 43, 307
List the prime factors of 7158285.
3, 5, 159073
List the prime factors of 277817.
23, 47, 257
What are the prime factors of 3216448?
2, 29, 1733
List the prime factors of 550073.
550073
What are the prime factors of 5165208?
2, 3, 2657
List the prime factors of 4852154.
2, 2426077
What are the prime factors of 2298111?
3, 17, 45061
What are the prime factors of 2206981?
7, 103, 3061
List the prime factors of 17002.
2, 8501
List the prime factors of 10101570.
2, 3, 5, 17, 29, 683
What are the prime factors of 1364221?
1364221
List the prime factors of 16774085.
5, 43, 61, 1279
List the prime factors of 2519047.
2519047
What are the prime factors of 14680411?
2341, 6271
List the prime factors of 314056.
2, 37, 1061
What are the prime factors of 37656?
2, 3, 523
List the prime factors of 389079.
3, 17, 2543
What are the prime factors of 224650?
2, 5, 4493
What are the prime factors of 61224?
2, 3, 2551
List the prime factors of 77230.
2, 5, 7723
List the prime factors of 337949.
337949
List the prime factors of 4229006.
2, 97, 21799
List the prime factors of 8771306.
2, 89, 49277
What are the prime factors of 401205?
3, 5, 7, 3821
List the prime factors of 2316101.
2316101
List the prime factors of 1116778.
2, 13, 42953
What are the prime factors of 380765?
5, 7, 11, 23, 43
What are the prime factors of 380560?
2, 5, 67, 71
List the prime factors of 5162729.
11, 13, 79, 457
What are the prime factors of 31793375?
5, 53, 4799
What are the prime factors of 167646?
2, 3, 27941
What are the prime factors of 182153?
19, 9587
List the prime factors of 845468.
2, 13, 71, 229
What are the prime factors of 7882166?
2, 3941083
What are the prime factors of 2847581?
11, 258871
What are the prime factors of 842484?
2, 3, 70207
List the prime factors of 5826427.
17, 37, 59, 157
What are the prime factors of 4641616?
2, 7, 41443
List the prime factors of 366985.
5, 19, 3863
What are the prime factors of 8584161?
3, 2861387
List the prime factors of 10580289.
3, 1867, 1889
List the prime factors of 36608234.
2, 13, 1408009
What are the prime factors of 2971626?
2, 3, 7, 70753
List the prime factors of 25769712.
2, 3, 536869
What are the prime factors of 458570?
2, 5, 7, 6551
What are the prime factors of 1181499?
3, 11, 35803
List the prime factors of 253271.
233, 1087
List the prime factors of 83863.
13, 6451
List the prime factors of 1359650.
2, 5, 71, 383
What are the prime factors of 535846?
2, 113, 2371
List the prime factors of 69456.
2, 3, 1447
List the prime factors of 59927.
7, 1223
List the prime factors of 2013059.
37, 41, 1327
List the prime factors of 1727539.
11, 157049
List the prime factors of 33192599.
11, 31, 8849
What are the prime factors of 3968664?
2, 3, 7, 23623
List the prime factors of 2425383.
3, 1109
What are the prime factors of 1792932?
2, 3, 149411
What are the prime factors of 628702?
2, 314351
What are the prime factors of 184834?
2, 13, 7109
List the prime factors of 1373667.
3, 457889
What are the prime factors of 11007605?
5, 7, 179, 251
What are the prime factors of 3986765?
5, 797353
List the prime factors of 8823552.
2, 3, 11489
What are the prime factors of 1326727?
1326727
List the prime factors of 1209185.
5, 257, 941
List the prime factors of 5218.
2, 2609
List the prime factors of 2406144.
2, 3, 13, 241
List the prime factors of 8715737.
19, 647, 709
List the prim